{"id":11170,"date":"2021-03-26T16:22:08","date_gmt":"2021-03-26T15:22:08","guid":{"rendered":"https:\/\/www.mhcreations.fr\/?post_type=product&#038;p=11170"},"modified":"2023-05-28T23:07:24","modified_gmt":"2023-05-28T21:07:24","slug":"commande-sur-mesure-rideau-bonne-femme-cantonniere-et-brises-bises-feston","status":"publish","type":"product","link":"https:\/\/www.mhcreations.fr\/index.php\/produit\/commande-sur-mesure-rideau-bonne-femme-cantonniere-et-brises-bises-feston\/","title":{"rendered":"Commande sur mesure \u00a0\u00bb rideau bonne femme, cantonni\u00e8re et brises bises feston)"},"content":{"rendered":"<p>1 &#8211; Rideau bonne femme<\/p>\n<p>Cantonni\u00e8re blanche festonn\u00e9e<\/p>\n<p>Rehauss\u00e9e d&rsquo;un monogramme en m\u00e9daillon de lin naturel (lettre M)<\/p>\n<p>Pompon et n\u0153ud<\/p>\n<p>Pan en toile de lin 100 % Naturel \u00ab\u00a0qualit\u00e9 France\u00a0\u00bb<\/p>\n<p>Dimensions :<\/p>\n<p>Largeur 97 cm<\/p>\n<p>Hauteur 170 cm<\/p>\n<p>1 &#8211; Embrasse blanche<\/p>\n<p>1 &#8211; cantonni\u00e8re feston , m\u00e9daillon lin lettre M<\/p>\n<p>Largeur 116 cm<\/p>\n<p>Hauteur 30 cm<\/p>\n<p>Brise bise<\/p>\n<p>Largeur 49<\/p>\n<p>Hauteur 70<\/p>\n<p>M\u00e9daillon contour gris lettre M<\/p>\n<p>Mod\u00e8le confectionn\u00e9 \u00e0 la commande, livraison pour le 15 mai 2021<\/p>\n<p>&nbsp;<\/p>\n","protected":false},"excerpt":{"rendered":"<p>1 &#8211; Rideau bonne femme Cantonni\u00e8re blanche festonn\u00e9e Rehauss\u00e9e d&rsquo;un monogramme en m\u00e9daillon de lin naturel (lettre M) Pompon et n\u0153ud Pan en toile de lin 100 % Naturel \u00ab\u00a0qualit\u00e9 France\u00a0\u00bb Dimensions : Largeur 97 cm Hauteur 170 cm 1 &#8211; Embrasse blanche 1 &#8211; cantonni\u00e8re feston , m\u00e9daillon lin lettre M Largeur 116 cm [&hellip;]<\/p>\n","protected":false},"featured_media":590,"comment_status":"open","ping_status":"closed","template":"","meta":{"_et_pb_use_builder":"","_et_pb_old_content":"","_et_gb_content_width":""},"product_brand":[],"product_cat":[180],"product_tag":[],"class_list":{"0":"post-11170","1":"product","2":"type-product","3":"status-publish","4":"has-post-thumbnail","6":"product_cat-commande-sur-mesure","8":"first","9":"instock","10":"shipping-taxable","11":"purchasable","12":"product-type-simple"},"_links":{"self":[{"href":"https:\/\/www.mhcreations.fr\/index.php\/wp-json\/wp\/v2\/product\/11170","targetHints":{"allow":["GET"]}}],"collection":[{"href":"https:\/\/www.mhcreations.fr\/index.php\/wp-json\/wp\/v2\/product"}],"about":[{"href":"https:\/\/www.mhcreations.fr\/index.php\/wp-json\/wp\/v2\/types\/product"}],"replies":[{"embeddable":true,"href":"https:\/\/www.mhcreations.fr\/index.php\/wp-json\/wp\/v2\/comments?post=11170"}],"wp:featuredmedia":[{"embeddable":true,"href":"https:\/\/www.mhcreations.fr\/index.php\/wp-json\/wp\/v2\/media\/590"}],"wp:attachment":[{"href":"https:\/\/www.mhcreations.fr\/index.php\/wp-json\/wp\/v2\/media?parent=11170"}],"wp:term":[{"taxonomy":"product_brand","embeddable":true,"href":"https:\/\/www.mhcreations.fr\/index.php\/wp-json\/wp\/v2\/product_brand?post=11170"},{"taxonomy":"product_cat","embeddable":true,"href":"https:\/\/www.mhcreations.fr\/index.php\/wp-json\/wp\/v2\/product_cat?post=11170"},{"taxonomy":"product_tag","embeddable":true,"href":"https:\/\/www.mhcreations.fr\/index.php\/wp-json\/wp\/v2\/product_tag?post=11170"}],"curies":[{"name":"wp","href":"https:\/\/api.w.org\/{rel}","templated":true}]}}