{"id":11410,"date":"2021-11-19T14:32:33","date_gmt":"2021-11-19T13:32:33","guid":{"rendered":"https:\/\/www.mhcreations.fr\/?post_type=product&#038;p=11410"},"modified":"2025-03-23T20:54:59","modified_gmt":"2025-03-23T19:54:59","slug":"rideau-modele-un-jour-de-novembre-90-cm","status":"publish","type":"product","link":"https:\/\/www.mhcreations.fr\/index.php\/produit\/rideau-modele-un-jour-de-novembre-90-cm\/","title":{"rendered":"Rideau .Mod\u00e8le \u00ab\u00a0Un Jour de novembre\u00a0\u00bb 90 cm"},"content":{"rendered":"<div><\/div>\n<p>Cantonni\u00e8re en lin r\u00e9hauss\u00e9 d\u2019un monogramme en m\u00e9daillon ( lettre aux choix)<\/p>\n<p>Pan en toile de lin 100 % Naturel \u00ab\u00a0qualit\u00e9 France\u00a0\u00bb<\/p>\n<p>Dimensions :<\/p>\n<p>Largeur 90 cm<\/p>\n<p>Hauteur 240 cm<\/p>\n<p>Mod\u00e8le confectionn\u00e9 \u00e0 la commande, d\u00e9lai 3 semaines et suivant commande en cour<\/p>\n<p>Pour toutes autres dimensions, <a href=\"https:\/\/www.mhcreations.fr\/index.php\/contact-test-2\/\">me contacter<\/a> pour le tarifs<\/p>\n","protected":false},"excerpt":{"rendered":"<p>Commande sur mesure<\/p>\n<p>&nbsp;<\/p>\n","protected":false},"featured_media":10212,"comment_status":"closed","ping_status":"closed","template":"","meta":{"_et_pb_use_builder":"","_et_pb_old_content":"","_et_gb_content_width":""},"product_brand":[],"product_cat":[149],"product_tag":[],"class_list":{"0":"post-11410","1":"product","2":"type-product","3":"status-publish","4":"has-post-thumbnail","6":"product_cat-chambre","8":"first","9":"instock","10":"shipping-taxable","11":"purchasable","12":"product-type-variable"},"_links":{"self":[{"href":"https:\/\/www.mhcreations.fr\/index.php\/wp-json\/wp\/v2\/product\/11410","targetHints":{"allow":["GET"]}}],"collection":[{"href":"https:\/\/www.mhcreations.fr\/index.php\/wp-json\/wp\/v2\/product"}],"about":[{"href":"https:\/\/www.mhcreations.fr\/index.php\/wp-json\/wp\/v2\/types\/product"}],"replies":[{"embeddable":true,"href":"https:\/\/www.mhcreations.fr\/index.php\/wp-json\/wp\/v2\/comments?post=11410"}],"wp:featuredmedia":[{"embeddable":true,"href":"https:\/\/www.mhcreations.fr\/index.php\/wp-json\/wp\/v2\/media\/10212"}],"wp:attachment":[{"href":"https:\/\/www.mhcreations.fr\/index.php\/wp-json\/wp\/v2\/media?parent=11410"}],"wp:term":[{"taxonomy":"product_brand","embeddable":true,"href":"https:\/\/www.mhcreations.fr\/index.php\/wp-json\/wp\/v2\/product_brand?post=11410"},{"taxonomy":"product_cat","embeddable":true,"href":"https:\/\/www.mhcreations.fr\/index.php\/wp-json\/wp\/v2\/product_cat?post=11410"},{"taxonomy":"product_tag","embeddable":true,"href":"https:\/\/www.mhcreations.fr\/index.php\/wp-json\/wp\/v2\/product_tag?post=11410"}],"curies":[{"name":"wp","href":"https:\/\/api.w.org\/{rel}","templated":true}]}}