{"id":12725,"date":"2023-06-04T23:01:11","date_gmt":"2023-06-04T21:01:11","guid":{"rendered":"https:\/\/www.mhcreations.fr\/?post_type=product&#038;p=12725"},"modified":"2023-06-04T23:13:22","modified_gmt":"2023-06-04T21:13:22","slug":"rideau-ciel-de-lit-modele-charance","status":"publish","type":"product","link":"https:\/\/www.mhcreations.fr\/index.php\/produit\/rideau-ciel-de-lit-modele-charance\/","title":{"rendered":"Rideau Ciel de lit \u00ab\u00a0Mod\u00e8le Charance\u00a0\u00bb"},"content":{"rendered":"<p>Rideau Ciel de lit<\/p>\n<p>Mod\u00e8le \u00ab\u00a0Charance\u00a0\u00bb<\/p>\n<p>Cantonni\u00e8re gris moyen festonn\u00e9e et r\u00e9hauss\u00e9e d&rsquo;un monogramme en m\u00e9daillon, Noeux et pompon<\/p>\n<p>Pans en voile de lin blanc. Fixations nouettes<\/p>\n<p>Largeur 180 cm<\/p>\n<p>Hauteur 180 cm<\/p>\n","protected":false},"excerpt":{"rendered":"<p>D\u00e9lai de livraison 5 semaines<\/p>\n","protected":false},"featured_media":295,"comment_status":"open","ping_status":"closed","template":"","meta":{"_et_pb_use_builder":"","_et_pb_old_content":"","_et_gb_content_width":""},"product_brand":[],"product_cat":[62,180],"product_tag":[],"class_list":{"0":"post-12725","1":"product","2":"type-product","3":"status-publish","4":"has-post-thumbnail","6":"product_cat-ciel-de-lit","7":"product_cat-commande-sur-mesure","9":"first","10":"instock","11":"shipping-taxable","12":"purchasable","13":"product-type-variable"},"_links":{"self":[{"href":"https:\/\/www.mhcreations.fr\/index.php\/wp-json\/wp\/v2\/product\/12725","targetHints":{"allow":["GET"]}}],"collection":[{"href":"https:\/\/www.mhcreations.fr\/index.php\/wp-json\/wp\/v2\/product"}],"about":[{"href":"https:\/\/www.mhcreations.fr\/index.php\/wp-json\/wp\/v2\/types\/product"}],"replies":[{"embeddable":true,"href":"https:\/\/www.mhcreations.fr\/index.php\/wp-json\/wp\/v2\/comments?post=12725"}],"wp:featuredmedia":[{"embeddable":true,"href":"https:\/\/www.mhcreations.fr\/index.php\/wp-json\/wp\/v2\/media\/295"}],"wp:attachment":[{"href":"https:\/\/www.mhcreations.fr\/index.php\/wp-json\/wp\/v2\/media?parent=12725"}],"wp:term":[{"taxonomy":"product_brand","embeddable":true,"href":"https:\/\/www.mhcreations.fr\/index.php\/wp-json\/wp\/v2\/product_brand?post=12725"},{"taxonomy":"product_cat","embeddable":true,"href":"https:\/\/www.mhcreations.fr\/index.php\/wp-json\/wp\/v2\/product_cat?post=12725"},{"taxonomy":"product_tag","embeddable":true,"href":"https:\/\/www.mhcreations.fr\/index.php\/wp-json\/wp\/v2\/product_tag?post=12725"}],"curies":[{"name":"wp","href":"https:\/\/api.w.org\/{rel}","templated":true}]}}