{"id":14037,"date":"2024-12-11T20:32:30","date_gmt":"2024-12-11T19:32:30","guid":{"rendered":"https:\/\/www.mhcreations.fr\/?post_type=product&#038;p=14037"},"modified":"2024-12-12T19:12:14","modified_gmt":"2024-12-12T18:12:14","slug":"ravissante-poupee-en-linge-ancien","status":"publish","type":"product","link":"https:\/\/www.mhcreations.fr\/index.php\/produit\/ravissante-poupee-en-linge-ancien\/","title":{"rendered":"Ravissante poup\u00e9e en linge ancien"},"content":{"rendered":"<p>Ravissante poup\u00e9e r\u00e9aliser avec du linge ancien et habill\u00e9e d&rsquo;une mignonne petite robe ancienne de b\u00e9b\u00e9<\/p>\n<p>Lin, broderie anglaise, lin, plumetis&#8230;. cheveux r\u00e9aliser avec une dentelle tr\u00e8s fine qui provient d&rsquo;une manche d&rsquo;aube de pr\u00eatre.<\/p>\n<p>Mod\u00e8le unique<\/p>\n<p>Ne convient pas aux enfant de moins de 36 mois<\/p>\n","protected":false},"excerpt":{"rendered":"<blockquote><p>&nbsp;<\/p><\/blockquote>\n","protected":false},"featured_media":14039,"comment_status":"open","ping_status":"closed","template":"","meta":{"_et_pb_use_builder":"","_et_pb_old_content":"","_et_gb_content_width":""},"product_brand":[],"product_cat":[52,251],"product_tag":[],"class_list":{"0":"post-14037","1":"product","2":"type-product","3":"status-publish","4":"has-post-thumbnail","6":"product_cat-decoration-2","7":"product_cat-noel","9":"first","10":"instock","11":"shipping-taxable","12":"purchasable","13":"product-type-simple"},"_links":{"self":[{"href":"https:\/\/www.mhcreations.fr\/index.php\/wp-json\/wp\/v2\/product\/14037","targetHints":{"allow":["GET"]}}],"collection":[{"href":"https:\/\/www.mhcreations.fr\/index.php\/wp-json\/wp\/v2\/product"}],"about":[{"href":"https:\/\/www.mhcreations.fr\/index.php\/wp-json\/wp\/v2\/types\/product"}],"replies":[{"embeddable":true,"href":"https:\/\/www.mhcreations.fr\/index.php\/wp-json\/wp\/v2\/comments?post=14037"}],"wp:featuredmedia":[{"embeddable":true,"href":"https:\/\/www.mhcreations.fr\/index.php\/wp-json\/wp\/v2\/media\/14039"}],"wp:attachment":[{"href":"https:\/\/www.mhcreations.fr\/index.php\/wp-json\/wp\/v2\/media?parent=14037"}],"wp:term":[{"taxonomy":"product_brand","embeddable":true,"href":"https:\/\/www.mhcreations.fr\/index.php\/wp-json\/wp\/v2\/product_brand?post=14037"},{"taxonomy":"product_cat","embeddable":true,"href":"https:\/\/www.mhcreations.fr\/index.php\/wp-json\/wp\/v2\/product_cat?post=14037"},{"taxonomy":"product_tag","embeddable":true,"href":"https:\/\/www.mhcreations.fr\/index.php\/wp-json\/wp\/v2\/product_tag?post=14037"}],"curies":[{"name":"wp","href":"https:\/\/api.w.org\/{rel}","templated":true}]}}