{"id":249,"date":"2017-06-15T19:27:08","date_gmt":"2017-06-15T17:27:08","guid":{"rendered":"http:\/\/www.mhcreations.fr\/?post_type=product&#038;p=249"},"modified":"2022-08-13T13:05:29","modified_gmt":"2022-08-13T11:05:29","slug":"rideau-ciel-de-lit","status":"publish","type":"product","link":"https:\/\/www.mhcreations.fr\/index.php\/produit\/rideau-ciel-de-lit\/","title":{"rendered":"Rideau Ciel de lit \u00ab\u00a0Charance\u00a0\u00bb"},"content":{"rendered":"<p>Rideau Ciel de lit<\/p>\n<p>Mod\u00e8le \u00ab\u00a0Charance\u00a0\u00bb<\/p>\n<p>Cantonni\u00e8re en lin blanc festonn\u00e9e et r\u00e9hauss\u00e9e d&rsquo;un monogramme en m\u00e9daillon sur toile de lin naturel, noeux et pompon<\/p>\n<p>Pans en voile de lin blanc. Fixations nouettes<\/p>\n<p>Largeur 110 cm<\/p>\n<p>Hauteur 220 cm<\/p>\n","protected":false},"excerpt":{"rendered":"<p>D\u00e9lai de livraison 5 semaines<\/p>\n","protected":false},"featured_media":295,"comment_status":"open","ping_status":"closed","template":"","meta":{"_et_pb_use_builder":"","_et_pb_old_content":"","_et_gb_content_width":""},"product_brand":[],"product_cat":[62,60],"product_tag":[],"class_list":{"0":"post-249","1":"product","2":"type-product","3":"status-publish","4":"has-post-thumbnail","6":"product_cat-ciel-de-lit","7":"product_cat-charance","9":"first","10":"instock","11":"shipping-taxable","12":"purchasable","13":"product-type-variable"},"_links":{"self":[{"href":"https:\/\/www.mhcreations.fr\/index.php\/wp-json\/wp\/v2\/product\/249","targetHints":{"allow":["GET"]}}],"collection":[{"href":"https:\/\/www.mhcreations.fr\/index.php\/wp-json\/wp\/v2\/product"}],"about":[{"href":"https:\/\/www.mhcreations.fr\/index.php\/wp-json\/wp\/v2\/types\/product"}],"replies":[{"embeddable":true,"href":"https:\/\/www.mhcreations.fr\/index.php\/wp-json\/wp\/v2\/comments?post=249"}],"wp:featuredmedia":[{"embeddable":true,"href":"https:\/\/www.mhcreations.fr\/index.php\/wp-json\/wp\/v2\/media\/295"}],"wp:attachment":[{"href":"https:\/\/www.mhcreations.fr\/index.php\/wp-json\/wp\/v2\/media?parent=249"}],"wp:term":[{"taxonomy":"product_brand","embeddable":true,"href":"https:\/\/www.mhcreations.fr\/index.php\/wp-json\/wp\/v2\/product_brand?post=249"},{"taxonomy":"product_cat","embeddable":true,"href":"https:\/\/www.mhcreations.fr\/index.php\/wp-json\/wp\/v2\/product_cat?post=249"},{"taxonomy":"product_tag","embeddable":true,"href":"https:\/\/www.mhcreations.fr\/index.php\/wp-json\/wp\/v2\/product_tag?post=249"}],"curies":[{"name":"wp","href":"https:\/\/api.w.org\/{rel}","templated":true}]}}