{"id":4894,"date":"2019-03-09T00:56:45","date_gmt":"2019-03-08T23:56:45","guid":{"rendered":"https:\/\/www.mhcreations.fr\/?post_type=product&#038;p=4894"},"modified":"2021-11-21T22:41:35","modified_gmt":"2021-11-21T21:41:35","slug":"rideau-store-en-voile-de-lin-et-monogramme-en-medaillon","status":"publish","type":"product","link":"https:\/\/www.mhcreations.fr\/index.php\/produit\/rideau-store-en-voile-de-lin-et-monogramme-en-medaillon\/","title":{"rendered":"Cantonni\u00e8re en lin, monogramme en m\u00e9daillon et pompon"},"content":{"rendered":"<p>Mod\u00e8le \u00ab\u00a0Un jour de novembre\u00a0\u00bb<\/p>\n<p>Cantonni\u00e8re en lin, monogramme et pompon<\/p>\n<p>Monogramme en m\u00e9daillon et pompon.<\/p>\n<p>Dimensions :<\/p>\n<p>Largeur : 100 cm \u00e0 170 cm<\/p>\n<p>Hauteur : 50 cm<\/p>\n<p>D\u00e9lai de 1 \u00e0 2 semaines et suivant commandes en cours<\/p>\n<p>Ce mod\u00e8le est aussi r\u00e9alis\u00e9 sur mesure et personnalis\u00e9<\/p>\n<p>Enti\u00e8rement r\u00e9alis\u00e9 par moi -m\u00eame avec des finitions et des mati\u00e8re de qualit\u00e9 et Fran\u00e7aise<\/p>\n<p>&nbsp;<\/p>\n","protected":false},"excerpt":{"rendered":"<p>Mod\u00e8le \u00ab\u00a0Un jour de novembre\u00a0\u00bb<\/p>\n<p>Sur mesure <em>:<a href=\"https:\/\/www.mhcreations.fr\/index.php\/contact-test-2\/\"> Me contacter<\/a><\/em><\/p>\n<p>&nbsp;<\/p>\n","protected":false},"featured_media":5710,"comment_status":"open","ping_status":"closed","template":"","meta":{"_et_pb_use_builder":"","_et_pb_old_content":"","_et_gb_content_width":""},"product_brand":[],"product_cat":[47,68],"product_tag":[],"class_list":{"0":"post-4894","1":"product","2":"type-product","3":"status-publish","4":"has-post-thumbnail","6":"product_cat-cantonnieres","7":"product_cat-collections-un-jour-de-novembre","9":"first","10":"instock","11":"shipping-taxable","12":"purchasable","13":"product-type-variable"},"_links":{"self":[{"href":"https:\/\/www.mhcreations.fr\/index.php\/wp-json\/wp\/v2\/product\/4894","targetHints":{"allow":["GET"]}}],"collection":[{"href":"https:\/\/www.mhcreations.fr\/index.php\/wp-json\/wp\/v2\/product"}],"about":[{"href":"https:\/\/www.mhcreations.fr\/index.php\/wp-json\/wp\/v2\/types\/product"}],"replies":[{"embeddable":true,"href":"https:\/\/www.mhcreations.fr\/index.php\/wp-json\/wp\/v2\/comments?post=4894"}],"wp:featuredmedia":[{"embeddable":true,"href":"https:\/\/www.mhcreations.fr\/index.php\/wp-json\/wp\/v2\/media\/5710"}],"wp:attachment":[{"href":"https:\/\/www.mhcreations.fr\/index.php\/wp-json\/wp\/v2\/media?parent=4894"}],"wp:term":[{"taxonomy":"product_brand","embeddable":true,"href":"https:\/\/www.mhcreations.fr\/index.php\/wp-json\/wp\/v2\/product_brand?post=4894"},{"taxonomy":"product_cat","embeddable":true,"href":"https:\/\/www.mhcreations.fr\/index.php\/wp-json\/wp\/v2\/product_cat?post=4894"},{"taxonomy":"product_tag","embeddable":true,"href":"https:\/\/www.mhcreations.fr\/index.php\/wp-json\/wp\/v2\/product_tag?post=4894"}],"curies":[{"name":"wp","href":"https:\/\/api.w.org\/{rel}","templated":true}]}}