{"id":9711,"date":"2020-05-02T21:43:00","date_gmt":"2020-05-02T19:43:00","guid":{"rendered":"https:\/\/www.mhcreations.fr\/?post_type=product&#038;p=9711"},"modified":"2024-12-17T07:45:41","modified_gmt":"2024-12-17T06:45:41","slug":"housse-de-tele-froufrou-commande-sur-mesure","status":"publish","type":"product","link":"https:\/\/www.mhcreations.fr\/index.php\/produit\/housse-de-tele-froufrou-commande-sur-mesure\/","title":{"rendered":"Housse de t\u00e9l\u00e9, \u00ab\u00a0Froufrou\u00a0\u00bb Commande sur mesure"},"content":{"rendered":"<p>Jolie housse de t\u00e9l\u00e9, TV, \u00e9cran en lin ivoire<\/p>\n<p>Avec volant sur le bas<\/p>\n<p>Monogramme en double m\u00e9daillon, rehauss\u00e9 avec\u00a0 n\u0153ud et pompon<\/p>\n<p>Dimensions de l&rsquo;\u00e9cran<\/p>\n<p>Largeur: 96 cm<br \/>\nHauteur:\u00a0 57 cm<br \/>\n\u00c9paisseur: 12 cm<\/p>\n<p>&nbsp;<\/p>\n","protected":false},"excerpt":{"rendered":"<p>Jolie housse de t\u00e9l\u00e9, TV, \u00e9cran en lin ivoire Avec volant sur le bas Monogramme en double m\u00e9daillon, rehauss\u00e9 avec\u00a0 n\u0153ud et pompon Dimensions de l&rsquo;\u00e9cran Largeur: 96 cm Hauteur:\u00a0 57 cm \u00c9paisseur: 12 cm &nbsp;<\/p>\n","protected":false},"featured_media":954,"comment_status":"open","ping_status":"closed","template":"","meta":{"_et_pb_use_builder":"","_et_pb_old_content":"","_et_gb_content_width":""},"product_brand":[],"product_cat":[180],"product_tag":[],"class_list":{"0":"post-9711","1":"product","2":"type-product","3":"status-publish","4":"has-post-thumbnail","6":"product_cat-commande-sur-mesure","8":"first","9":"instock","10":"shipping-taxable","11":"purchasable","12":"product-type-variable"},"_links":{"self":[{"href":"https:\/\/www.mhcreations.fr\/index.php\/wp-json\/wp\/v2\/product\/9711","targetHints":{"allow":["GET"]}}],"collection":[{"href":"https:\/\/www.mhcreations.fr\/index.php\/wp-json\/wp\/v2\/product"}],"about":[{"href":"https:\/\/www.mhcreations.fr\/index.php\/wp-json\/wp\/v2\/types\/product"}],"replies":[{"embeddable":true,"href":"https:\/\/www.mhcreations.fr\/index.php\/wp-json\/wp\/v2\/comments?post=9711"}],"wp:featuredmedia":[{"embeddable":true,"href":"https:\/\/www.mhcreations.fr\/index.php\/wp-json\/wp\/v2\/media\/954"}],"wp:attachment":[{"href":"https:\/\/www.mhcreations.fr\/index.php\/wp-json\/wp\/v2\/media?parent=9711"}],"wp:term":[{"taxonomy":"product_brand","embeddable":true,"href":"https:\/\/www.mhcreations.fr\/index.php\/wp-json\/wp\/v2\/product_brand?post=9711"},{"taxonomy":"product_cat","embeddable":true,"href":"https:\/\/www.mhcreations.fr\/index.php\/wp-json\/wp\/v2\/product_cat?post=9711"},{"taxonomy":"product_tag","embeddable":true,"href":"https:\/\/www.mhcreations.fr\/index.php\/wp-json\/wp\/v2\/product_tag?post=9711"}],"curies":[{"name":"wp","href":"https:\/\/api.w.org\/{rel}","templated":true}]}}